{"id":363,"date":"2017-12-19T14:47:38","date_gmt":"2017-12-19T13:47:38","guid":{"rendered":"http:\/\/wbminternationalgroup.com\/?page_id=363"},"modified":"2020-07-15T16:51:48","modified_gmt":"2020-07-15T15:51:48","slug":"legal-terms","status":"publish","type":"page","link":"https:\/\/wbminternationalgroup.com\/?page_id=363","title":{"rendered":"Legal Terms and Information"},"content":{"rendered":"\n<pre class=\"wp-block-preformatted\">---DE<\/pre>\n\n\n\n<p><strong>Websites, Fotos, Videos und Werbung<\/strong><\/p>\n\n\n\n<p>Die WBM International Group ist ein Privatunternehmen mit Sitz in K\u00f6ln Stadt \/ Deutschland, das als Ziel, Einf\u00fchrung, Entwicklung und Wachstum der Kundenprodukte in Deutschland und der Europ\u00e4ischen Union fungiert.<\/p>\n\n\n\n<p>Daten zeigen in dieser WebSite haben die Hauptcharakterinformationen zum Markt und zeigen die Gruppe und die Dienstleistungen an.<\/p>\n\n\n\n<p>Die auf dieser elektronischen Website ver\u00f6ffentlichten Informationen ersetzen nicht die angewandten individuellen und anderen Berufsgruppen. Bitte kontaktieren Sie uns f\u00fcr eine spezifische L\u00f6sung f\u00fcr Ihr Gesch\u00e4ft.<\/p>\n\n\n\n<p>\u00dcber Fotos, Bilder, Videos und andere auf dieser elektronischen Website ver\u00f6ffentlichte Medien:<br>Die WBM Logo International Group ist das exklusive Eigentum der WBM International Grp. UG<\/p>\n\n\n\n<p>Bei den auf dieser Website ver\u00f6ffentlichten Fotos handelt es sich um elektronische Unsplash-Objekte, die in ihrem freien Eigentum \u00fcber die unsere Unsplash Konto (www.unsplash.com) und die Account Strato AG (www.strato.de) gem\u00e4\u00df dem Vertrag <em>&#8220;STRATO PowerWeb Basic (Aktion LZ12)&#8221;<\/em> erworben wurden.<\/p>\n\n\n\n<p>Die Werbevideos und der institutionelle Ordner, die sich auf den folgenden Seiten befinden: Home and Others Pages sind das ausschlie\u00dfliche Eigentum von WBM International Grp. UG<\/p>\n\n\n\n<p>Diese elektronische Seite geh\u00f6rt und wird betrieben von: WBM International Grp. UG<\/p>\n\n\n\n<p><strong>Kunden Daten:<\/strong> Die daten, die \u00fcber Unsere Kunden als Bilden, Inhalten, und Archiv gezeigt haben, sind die vollst\u00e4ndige Verantwortung der Kunden. Die WBM International Grp hat gerade die Pr\u00e4sentationen vorbereitet, sowie die \u00dcbersetzung der Informationen.<\/p>\n\n\n\n<p><strong>Datenschutz<\/strong><\/p>\n\n\n\n<p><strong>SSL Zertifikat: <\/strong>Durch die Unternehmen Strato AG hat WBM International Grp. UG den STRATO SSL-Zertifikat.<\/p>\n\n\n\n<p><strong>Mail &#8211; Archivierung:<\/strong>&nbsp;Durch die Unternehmen Strato AG hat WBM International Grp. UG den Mail-Archivierung gem\u00e4\u00df DSGVO Gesetz.<\/p>\n\n\n\n<pre class=\"wp-block-preformatted\">---EN<\/pre>\n\n\n\n<p><strong>Sites, Photos, Videos, Advertising and Publicity<\/strong><\/p>\n\n\n\n<p>The WBM International Group is a private company, located in K\u00f6ln Stadt \/ Deutschland, the Group have as Target, Introduce, Develop and Grow the Clients Products in Germany and European Union.<\/p>\n\n\n\n<p>Data Show in this WebSite have the Main character information to Market and Show the Group and Services.<\/p>\n\n\n\n<p>The information published in this electronic site does not replace the management applied individual and other professional groups. Please contact us for solution specific to their business.<\/p>\n\n\n\n<p>About Photos, Images, videos and other media published in this electronic site:<\/p>\n\n\n\n<p>The WBM Logo International Group is the exclusive property of WBM International Grp. UG<\/p>\n\n\n\n<p>The photos published on this site are electronic Unsplash property acquired in its free assets, through our account in unsplash.com and the Account Strato AG (www.strato.de) according to the Contract <em>&#8220;STRATO PowerWeb Basic (Aktion LZ12)&#8221;<\/em>.<\/p>\n\n\n\n<p>The promotional videos and institutional folder located at: Home and Others Pages are the exclusive property of WBM International Grp. UG<\/p>\n\n\n\n<p>This electronic site is owned and operated by: WBM International Grp. UG<\/p>\n\n\n\n<p><strong>Customer data:<\/strong> The data shown about our customers as images, content, and archive are the full responsibility of the customers. WBM International Grp has just prepared the presentations and the translation of the information.<\/p>\n\n\n\n<p><strong>Data Protection<\/strong><\/p>\n\n\n\n<p><strong>SSL Certificate: <\/strong>Through the companies Strato AG, WBM International Grp. UG has the STRATO SSL certificate.<\/p>\n\n\n\n<p><strong>Mail Archiving:<\/strong> Through the companies Strato AG has WBM International Grp. UG the mail archiving according to DSGVO law.<\/p>\n\n\n\n<hr class=\"wp-block-separator\"\/>\n\n\n\n<h2 class=\"wp-block-heading\">Widerrufsbelehrung &amp; Widerrufsformular<\/h2>\n\n\n\n<img decoding=\"async\" src=\"https:\/\/www.it-recht-kanzlei.de\/logo\/Copyright-Logo.png?i=3ce0a-2358c-39c9-907f-1\" alt=\"Vertreten durch die IT-Recht Kanzlei\">\n\n\n\n<p>Verbrauchern steht ein Widerrufsrecht nach folgender Ma\u00dfgabe zu, wobei Verbraucher jede nat\u00fcrliche Person ist, die ein Rechtsgesch\u00e4ft zu Zwecken abschlie\u00dft, die \u00fcberwiegend weder ihrer gewerblichen noch ihrer selbst\u00e4ndigen beruflichen T\u00e4tigkeit zugerechnet werden k\u00f6nnen:<\/p>\n\n\n\n<hr class=\"wp-block-separator\"\/>\n\n\n\n<h2 class=\"wp-block-heading\">A. Widerrufsbelehrung<\/h2>\n\n\n\n<p>Widerrufsrecht<br>Sie haben das Recht, binnen vierzehn Tagen ohne Angabe von Gr\u00fcnden diesen Vertrag zu widerrufen.<br>Die Widerrufsfrist betr\u00e4gt vierzehn Tage ab dem Tag, an dem Sie oder ein von Ihnen benannter Dritter, der nicht der Bef\u00f6rderer ist, die letzte Ware in Besitz genommen haben bzw. hat.<br>Um Ihr Widerrufsrecht auszu\u00fcben, m\u00fcssen Sie uns (WBM International Grp. UG (haftungsbeschr\u00e4nkt), Hohenstaufenring 62, 50674 K\u00f6ln, Deutschland, Tel.: 022166958329, Fax: 022129205066, E-Mail: info@wbminternationalgroup.de) mittels einer eindeutigen Erkl\u00e4rung (z. B. ein mit der Post versandter Brief, Telefax oder E-Mail) \u00fcber Ihren Entschluss, diesen Vertrag zu widerrufen, informieren. Sie k\u00f6nnen daf\u00fcr das beigef\u00fcgte Muster-Widerrufsformular verwenden, das jedoch nicht vorgeschrieben ist.<br>Zur Wahrung der Widerrufsfrist reicht es aus, dass Sie die Mitteilung \u00fcber die Aus\u00fcbung des Widerrufsrechts vor Ablauf der Widerrufsfrist absenden.<\/p>\n\n\n\n<p>Folgen des Widerrufs<br>Wenn Sie diesen Vertrag widerrufen, haben wir Ihnen alle Zahlungen, die wir von Ihnen erhalten haben, einschlie\u00dflich der Lieferkosten (mit Ausnahme der zus\u00e4tzlichen Kosten, die sich daraus ergeben, dass Sie eine andere Art der Lieferung als die von uns angebotene, g\u00fcnstigste Standardlieferung gew\u00e4hlt haben), unverz\u00fcglich und sp\u00e4testens binnen vierzehn Tagen ab dem Tag zur\u00fcckzuzahlen, an dem die Mitteilung \u00fcber Ihren Widerruf dieses Vertrags bei uns eingegangen ist. F\u00fcr diese R\u00fcckzahlung verwenden wir dasselbe Zahlungsmittel, das Sie bei der urspr\u00fcnglichen Transaktion eingesetzt haben, es sei denn, mit Ihnen wurde ausdr\u00fccklich etwas anderes vereinbart; in keinem Fall werden Ihnen wegen dieser R\u00fcckzahlung Entgelte berechnet. Wir k\u00f6nnen die R\u00fcckzahlung verweigern, bis wir die Waren wieder zur\u00fcckerhalten haben oder bis Sie den Nachweis erbracht haben, dass Sie die Waren zur\u00fcckgesandt haben, je nachdem, welches der fr\u00fchere Zeitpunkt ist.<br>Sie haben die Waren unverz\u00fcglich und in jedem Fall sp\u00e4testens binnen vierzehn Tagen ab dem Tag, an dem Sie uns \u00fcber den Widerruf dieses Vertrags unterrichten, an uns zur\u00fcckzusenden oder zu \u00fcbergeben. Die Frist ist gewahrt, wenn Sie die Waren vor Ablauf der Frist von vierzehn Tagen absenden.<br>Sie tragen die unmittelbaren Kosten der R\u00fccksendung der Waren.<br>Sie m\u00fcssen f\u00fcr einen etwaigen Wertverlust der Waren nur aufkommen, wenn dieser Wertverlust auf einen zur Pr\u00fcfung der Beschaffenheit, Eigenschaften und Funktionsweise der Waren nicht notwendigen Umgang mit ihnen zur\u00fcckzuf\u00fchren ist.<\/p>\n\n\n\n<p>Allgemeine Hinweise<br>1) Bitte vermeiden Sie Besch\u00e4digungen und Verunreinigungen der Ware. Senden Sie die Ware bitte in Originalverpackung mit s\u00e4mtlichem Zubeh\u00f6r und mit allen Verpackungsbestandteilen an uns zur\u00fcck. Verwenden Sie ggf. eine sch\u00fctzende Umverpackung. Wenn Sie die Originalverpackung nicht mehr besitzen, sorgen Sie bitte mit einer geeigneten Verpackung f\u00fcr einen ausreichenden Schutz vor Transportsch\u00e4den.<br>2) Senden Sie die Ware bitte nicht unfrei an uns zur\u00fcck.<br>3) Bitte beachten Sie, dass die vorgenannten Ziffern 1-2 nicht Voraussetzung f\u00fcr die wirksame Aus\u00fcbung des Widerrufsrechts sind.<\/p>\n\n\n\n<hr class=\"wp-block-separator\"\/>\n\n\n\n<h2 class=\"wp-block-heading\">B. Widerrufsformular<\/h2>\n\n\n\n<p>Wenn Sie den Vertrag widerrufen wollen, dann f\u00fcllen Sie bitte dieses Formular aus und senden es zur\u00fcck.<br>An<br>WBM International Grp. UG (haftungsbeschr\u00e4nkt)<br>Hohenstaufenring 62<br>50674 K\u00f6ln<br>Deutschland<br>Fax: 022129205066<br>E-Mail: info@wbminternationalgroup.de<br>Hiermit widerrufe(n) ich\/wir (<em>) den von mir\/uns (<\/em>) abgeschlossenen Vertrag \u00fcber den Kauf der folgenden Waren (<em>)\/die Erbringung der folgenden Dienstleistung (<\/em>)<\/p>\n\n\n\n<hr class=\"wp-block-separator\"\/>\n\n\n\n<hr class=\"wp-block-separator\"\/>\n\n\n\n<p>Bestellt am (<em>) <strong><em><strong><em>_<\/em><\/strong><\/em><\/strong> \/ erhalten am () <strong><em><strong>_______<\/strong><\/em><\/strong><\/em><\/p>\n\n\n\n<hr class=\"wp-block-separator\"\/>\n\n\n\n<p>Name des\/der Verbraucher(s)<\/p>\n\n\n\n<hr class=\"wp-block-separator\"\/>\n\n\n\n<p>Anschrift des\/der Verbraucher(s)<\/p>\n\n\n\n<hr class=\"wp-block-separator\"\/>\n\n\n\n<p>Unterschrift des\/der Verbraucher(s) (nur bei Mitteilung auf Papier)<\/p>\n\n\n\n<hr class=\"wp-block-separator\"\/>\n\n\n\n<p>Datum<br>(*) Unzutreffendes streichen<\/p>\n","protected":false},"excerpt":{"rendered":"<p>&#8212;DE Websites, Fotos, Videos und Werbung Die WBM International Group ist ein Privatunternehmen mit Sitz in K\u00f6ln Stadt \/ Deutschland, das als Ziel, Einf\u00fchrung, Entwicklung und Wachstum der Kundenprodukte in Deutschland und der Europ\u00e4ischen Union fungiert. Daten zeigen in dieser WebSite haben die Hauptcharakterinformationen zum Markt und zeigen die Gruppe und die Dienstleistungen an. Die [&hellip;]<\/p>\n","protected":false},"author":1,"featured_media":0,"parent":0,"menu_order":0,"comment_status":"closed","ping_status":"closed","template":"","meta":{"footnotes":""},"class_list":["post-363","page","type-page","status-publish","hentry"],"_links":{"self":[{"href":"https:\/\/wbminternationalgroup.com\/index.php?rest_route=\/wp\/v2\/pages\/363","targetHints":{"allow":["GET"]}}],"collection":[{"href":"https:\/\/wbminternationalgroup.com\/index.php?rest_route=\/wp\/v2\/pages"}],"about":[{"href":"https:\/\/wbminternationalgroup.com\/index.php?rest_route=\/wp\/v2\/types\/page"}],"author":[{"embeddable":true,"href":"https:\/\/wbminternationalgroup.com\/index.php?rest_route=\/wp\/v2\/users\/1"}],"replies":[{"embeddable":true,"href":"https:\/\/wbminternationalgroup.com\/index.php?rest_route=%2Fwp%2Fv2%2Fcomments&post=363"}],"version-history":[{"count":33,"href":"https:\/\/wbminternationalgroup.com\/index.php?rest_route=\/wp\/v2\/pages\/363\/revisions"}],"predecessor-version":[{"id":1022,"href":"https:\/\/wbminternationalgroup.com\/index.php?rest_route=\/wp\/v2\/pages\/363\/revisions\/1022"}],"wp:attachment":[{"href":"https:\/\/wbminternationalgroup.com\/index.php?rest_route=%2Fwp%2Fv2%2Fmedia&parent=363"}],"curies":[{"name":"wp","href":"https:\/\/api.w.org\/{rel}","templated":true}]}}